etermine c(-6).
-1736
Let d(n) = -738601*n + 43. Determine d(0).
43
Let p(k) = -k**2 - 55*k - 54. Calculate p(-25).
696
Let p(g) = 2*g**3 + 168*g**2 + 197*g + 2570. What is p(-83)?
-3
Let n(j) = j**3 - 181*j**2 + 355*j - 301. Give n(179).
-838
Let o(t) = -t**3 - 466*t**2 - 2326*t - 95. What is o(-5)?
10
Let g(w) = 9*w**3 + 43*w**2 + 56*w + 323. Calculate g(-5).
-7
Let m(t) = -2*t**3 + 59*t**2 + 11*t + 197. Calculate m(30).
-373
Let t(h) = -16858*h - 20297024. What is t(-1204)?
8
Let n(c) = -10*c**2 - 2865*c - 94421. Calculate n(-38).
9
Let s(k) = 280801*k + 561525. Calculate s(-2).
-77
Let m(x) = 422*x - 21786. Give m(51).
-264
Let p(c) = 724*c + 13958. Give p(-19).
202
Let s(k) = 3*k**3 + 1139*k**2 + 4160*k + 9032. What is s(-376)?
8
Let g(w) = 11*w**3 - 61*w**2 + 187*w + 32. What is g(4)?
508
Let u(b) = -24*b**2 + 1391*b - 16098. Calculate u(42).
-12
Let d(g) = -3*g**3 - 429*g**2 - 6*g - 35. Give d(-143).
823
Let t(i) = -2*i**2 + 41*i + 3111. Calculate t(52).
-165
Let h(q) = 1035*q + 36180. Give h(-35).
-45
Let t(o) = 7*o**2 + 1376*o - 18027. Determine t(13).
1044
Let b(w) = w**3 + 3*w**2 - 311*w - 694. Determine b(-17).
547
Let h(j) = -j**3 + 5850*j**2 - 145687*j + 1547. What is h(25)?
-3
Let l(z) = 3267*z + 72621. Calculate l(-22).
747
Let g(v) = v**3 - 414*v**2 - 8677*v - 1260. Determine g(434).
42
Let j(h) = -15458*h**2 + 293717*h - 281. Give j(19).
4
Let x(n) = 39*n**3 + 10*n**2 - 24*n + 59. Determine x(3).
1130
Let j(l) = -l**2 - 5940*l - 53381. What is j(-9)?
-2
Let r(g) = 6*g**2 + 60560*g + 181699. Calculate r(-3).
73
Let x(z) = -2706*z + 45103. Determine x(18).
-3605
Let l(p) = -5*p**2 - 937*p + 4827. Determine l(5).
17
Let w(f) = -14244*f + 99681. Determine w(7).
-27
Let i(l) = -42*l**3 - 5335*l**2 - 117*l + 1265. Calculate i(-127).
-5
Let q(u) = 2643*u - 483626. Calculate q(183).
43
Let h(l) = 293*l - 3442. Calculate h(11).
-219
Let p(a) = 16*a**3 - 3970*a**2 + 510*a - 3487. Calculate p(248).
-15
Let h(v) = -265*v + 395. What is h(4)?
-665
Let y(a) = -a**2 - 202*a - 10124. Give y(-109).
13
Let b(s) = 2426*s + 4859. Determine b(-2).
7
Let b(o) = 19*o**2 - 8341*o - 16670. What is b(-2)?
88
Let q(g) = -35*g**2 + 25*g + 145. Calculate q(-4).
-515
Let f(i) = -3514*i + 256631. Give f(73).
109
Let a(y) = -1043*y + 113706. Determine a(109).
19
Let a(d) = -d**3 + 4*d**2 + 16874*d - 84348. Calculate a(5).
-3
Let p(v) = 2*v**2 + 51085*v - 920199. What is p(18)?
-21
Let w(a) = 5*a**3 - 1523*a**2 - 612*a + 430. What is w(305)?
-180
Let s(a) = -4*a**3 - 35*a**2 + 114*a + 599. Determine s(-17).
8198
Let n(g) = 10*g**3 + 16*g**2 - 12*g - 82. Give n(3).
296
Let a(j) = j**2 - 341*j - 6834. Give a(360).
6
Let h(w) = -3553*w + 120797. Give h(34).
-5
Let i(r) = -r**3 + 37*r**2 + 1480*r - 1073. Calculate i(61).
-97
Let v(d) = 24*d**2 - 273*d - 1970. Give v(-7).
1117
Let t(l) = 4*l**3 + 261*l**2 + 173*l + 6945. Give t(-65).
-75
Let s(z) = 11*z**2 + 4338*z - 6912. Give s(-396).
216
Let r(m) = -5*m**2 + 1832*m + 1081. What is r(367)?
-20
Let t(f) = -2*f**2 + 1264*f - 56773. Determine t(583).
361
Let n(w) = -6*w**3 - 2*w**2 + 14*w + 169. Give n(-7).
2031
Let x(u) = 201794*u - 403580. Calculate x(2).
8
Let m(g) = -67159*g + 3693715. Give m(55).
-30
Let b(v) = 1973*v + 5941. What is b(-3)?
22
Let s(i) = -639*i + 4209. Give s(7).
-264
Let y(o) = -332*o**2 + 8599*o + 857. What is y(26)?
-1
Let a(q) = -2*q**3 + 11*q**2 + 481*q + 585. What is a(19)?
-23
Let y(n) = 9*n**2 - 12*n - 76. Calculate y(16).
2036
Let h(y) = 8*y**2 - 321*y + 3628. Determine h(11).
1065
Let z(l) = -l**3 + 165*l**2 + 1580*l - 375. Give z(174).
2061
Let i(u) = -u**3 + 36*u**2 + u - 128. What is i(33)?
3172
Let o(q) = -283*q - 1296. Calculate o(-5).
119
Let p(l) = -l**2 - 121*l + 25562. Give p(110).
152
Let p(f) = -2*f**3 - 33*f**2 - 151*f - 77. Determine p(-12).
439
Let n(s) = -3368*s**2 - 94332*s - 780. Give n(-28).
4
Let x(b) = -4*b**3 + 21*b**2 + 32*b + 31. Give x(8).
-417
Let o(p) = -44763*p + 2417191. Calculate o(54).
-11
Let o(z) = -z**2 + 634*z - 6145. What is o(10)?
95
Let g(r) = 11*r**3 + 164*r**2 + 291*r + 6. Give g(-13).
-228
Let o(m) = -5*m**2 - 17*m + 487. Give o(9).
-71
Let z(s) = 361977*s + 723942. Determine z(-2).
-12
Let w(f) = 291735*f + 291715. What is w(-1)?
-20
Let m(f) = 609*f - 57791. Give m(95).
64
Let j(d) = -5*d**2 - 390*d + 1189. Calculate j(-81).
-26
Let p(h) = h**3 + 127*h**2 + 3167*h + 374. Give p(-93).
-91
Let x(w) = w**3 + 122*w**2 + 1823*w + 23344. Give x(-107).
18
Let u(j) = j**2 + 1565*j - 17302. What is u(11)?
34
Let w(o) = 7483*o - 815663. Determine w(109).
-16
Let l(q) = -q**3 + 22*q**2 + 5065*q - 150. What is l(83)?
16
Let x(v) = v**3 + 18*v**2 + 89*v - 69. Calculate x(-12).
-273
Let o(c) = 7694*c - 46086. Give o(6).
78
Let y(f) = -114*f**2 - 2410*f - 4656. What is y(-19)?
-20
Let r(q) = -179599*q - 1077585. Determine r(-6).
9
Let h(s) = 361*s - 16694. What is h(45)?
-449
Let v(i) = 14*i**3 + 87*i**2 - 53*i + 60. Calculate v(-7).
-108
Let g(n) = 19730*n + 5267913. Give g(-267).
3
Let f(n) = 1390*n + 79195. Determine f(-57).
-35
Let q(v) = -v**2 + 55*v + 1993. Calculate q(-29).
-443
Let y(f) = 91*f + 1536. Determine y(-9).
717
Let q(u) = 612*u + 44658. Determine q(-73).
-18
Let p(z) = 330*z**2 + 34319*z - 108. Determine p(-104).
-4
Let a(t) = -t**3 - 17*t**2 - 31*t - 37. Give a(-12).
-385
Let u(h) = h**3 - 7*h**2 + 78*h + 941. Give u(-6).
5
Let q(j) = 3*j**3 - 106*j**2 - 91*j + 102. Determine q(36).
-582
Let g(v) = 3*v**3 + 166*v**2 - 60*v + 2883. Give g(-56).
-29
Let o(n) = 18*n**2 - 1596*n + 11667. Determine o(8).
51
Let h(x) = 4*x**3 - 21*x**2 - 367*x - 205. Calculate h(-7).
-37
Let o(t) = -49*t**3 - 1750*t + 1749. Give o(1).
-50
Let z(b) = -b**3 + 57*b**2 + 154*b + 29. Determine z(61).
-5461
Let y(x) = -28*x**3 + 4985*x**2 - 175*x - 580. Calculate y(178).
-46
Let n(m) = 2*m**2 + 137*m + 1374. What is n(-56)?
-26
Let f(d) = 3*d**3 - 97*d**2 - 13*d + 482. Give f(32).
-958
Let b(p) = 46380*p + 93101. Give b(-2).
341
Let l(y) = y**2 + 16*y - 2885. What is l(-63)?
76
Let m(l) = -l**3 - 186*l**2 - 1228*l + 4682. Determine m(-179).
207
Let h(m) = 3703*m + 33243. Determine h(-9).
-84
Let p(y) = 168*y + 8099. Determine p(-58).
-1645
Let c(a) = -a**3 - 5*a**2 - 341*a - 2036. What is c(-6)?
46
Let r(z) = z**2 - 81*z + 1260. Calculate r(45).
-360
Let v(q) = 95533*q - 139096051. Calculate v(1456).
-3
Let k(q) = -258*q**2 - 132*q - 11. What is k(-3)?
-1937
Let o(f) = -218*f**2 + 38*f - 1. Determine o(3).
-1849
Let p(h) = -400*h + 54829. Determine p(137).
29
Let c(d) = 10*d**3 - d**2 - 15*d - 115. Determine c(-3).
-349
Let z(l) = 11*l**3 + 47*l**2 - 1073*l - 1120. What is z(-1)?
-11
Let v(n) = 6*n**3 + 50*n**2 + 83*n - 8. Give v(-2).
-22
Let w(g) = 8*g**2 + 70*g - 14. Give w(-13).
428
Let f(r) = -2056*r + 2031. Calculate f(2).
-2081
Let c(s) = 38491*s + 38524. Determine c(-1).
33
Let o(h) = -63917*h + 43207900. Give o(676).
8
Let r(q) = q**3 - 9*q**2 - 23*q + 184. What is r(5)?
-31
Let c(h) = -4107*h + 172764. Give c(42).
270
Let l(j) = 4*j**3 - 406*j**2 + 80*j - 28976. What is l(102)?
-8
Let d(x) = 237*x + 337. What is d(-2)?
-137
Let s(u) = 10*u**3 + 291*u**2 + 13*u + 57. Calculate s(-29).
521
Let f(y) = -y**3 + 44*y**2 - 2344*y + 103133. Calculate f(44).
-3
Let i(k) = k**2 + 150*k + 2024. Give i(-135).
-1
Let d(b) = -19061*b - 38127. Give d(-2).
-5
Let g(m) = 2*m**2 - 187*m - 1276. What is g(100)?
24
Let i(h) = -2*h**2 - 1289*h + 109509. Determine i(76).
-7
Let o(u) = -2*u**2 + 1894*u - 5687. Calculate o(3).
-23
Let q(g) = g**3 - 249*g**2 - 1017*g + 1177. Calculate q(253).
-88
Let p(z) = -2*z**3 + 900*z**2 - 4442*z - 3353. Calculate p(445).
207
Let f(p) = -p**3 + 79*p**2 - 1489*p + 5. What is f(32)?
485
Let d(y) = -1181*y + 3918. Calculate d(3).
375
Let r(u) = -4*u**2 + 1268*u + 31352. Give r(-23).
72
Let n(z) = -3*z**3 + z**2 - 104*z + 6. Give n(5).
-864
Let r(i) = i**2 + 8205*i + 98346. Calculate r(-12).
30
Let w(x) = -817*x**3 + 5724*x**2 - 37*x + 40. What is w(7)?
26
Let g(x) = -9266*x + 8033619. Give g(867).
-3
Let p(g) = 245*g**3 - 5893*g**2 + 308*g + 94. Determine p(24).
-2
Let x(d) = d**3 - 47*d**2 - 317*d + 25621. Calculate x(36).
-47
Let z(t) = -t**3 - 32*t**2 - 164*t - 63. What is z(-26)?
145
Let t(o) = 5*o - 26. Calculate t(16).
54
Let r(n) = -